{"id":217,"date":"2024-03-24T22:21:56","date_gmt":"2024-03-24T21:21:56","guid":{"rendered":"http:\/\/www.maiclub-barmen.de\/?page_id=217"},"modified":"2024-03-24T22:21:57","modified_gmt":"2024-03-24T21:21:57","slug":"der-mai-ist-gekommen","status":"publish","type":"page","link":"http:\/\/www.maiclub-barmen.de\/?page_id=217","title":{"rendered":"Der Mai ist gekommen"},"content":{"rendered":"\n<p>1.:<br>Der Mai ist gekommen,<br>Die B\u00e4ume schlagen aus,<br>Da bleibe, wer Lust hat,<br>Mit Sorgen zu Haus!<br>Wie die Wolken, dort wandern,<br>Am himmlischen Zelt,<br>So steht auch mir der Sinn in,<br>die weite, weite Welt.<\/p>\n\n\n\n<p><strong>2.:<\/strong><br>Herr Vater, Frau Mutter,<br>Dass Gott euch beh\u00fct\u2018!<br>Wer wei\u00df, wo in der Ferne<br>Das Gl\u00fcck mir noch bl\u00fcht;<br>Es gibt so manche Stra\u00dfe,<br>Da nimmer ich marschiert,<br>Es gibt so manchen Wein,<br>Den ich nimmer ich probiert.<\/p>\n\n\n\n<p><strong>3.:<\/strong><br>O Wandern, o Wandern,<br>Du freie Burschenlust!<br>Da wehet Gottes Odem<br>So frisch in der Brust;<br>Da singet und jauchzet<br>Das Herz zum Himmelszelt:<br>Wie bist du doch so sch\u00f6n,<br>du weite, weite Welt!<\/p>\n","protected":false},"excerpt":{"rendered":"<p>1.:Der Mai ist gekommen,Die B\u00e4ume schlagen aus,Da bleibe, wer Lust hat,Mit Sorgen zu Haus!Wie die Wolken, dort wandern,Am himmlischen Zelt,So steht auch mir der Sinn in,die weite, weite Welt. 2.:Herr Vater, Frau Mutter,Dass Gott euch beh\u00fct\u2018!Wer wei\u00df, wo in der FerneDas Gl\u00fcck mir noch bl\u00fcht;Es gibt so manche Stra\u00dfe,Da nimmer [&hellip;]<\/p>\n","protected":false},"author":1,"featured_media":0,"parent":0,"menu_order":0,"comment_status":"closed","ping_status":"closed","template":"","meta":{"footnotes":""},"jetpack_sharing_enabled":true,"_links":{"self":[{"href":"http:\/\/www.maiclub-barmen.de\/index.php?rest_route=\/wp\/v2\/pages\/217"}],"collection":[{"href":"http:\/\/www.maiclub-barmen.de\/index.php?rest_route=\/wp\/v2\/pages"}],"about":[{"href":"http:\/\/www.maiclub-barmen.de\/index.php?rest_route=\/wp\/v2\/types\/page"}],"author":[{"embeddable":true,"href":"http:\/\/www.maiclub-barmen.de\/index.php?rest_route=\/wp\/v2\/users\/1"}],"replies":[{"embeddable":true,"href":"http:\/\/www.maiclub-barmen.de\/index.php?rest_route=%2Fwp%2Fv2%2Fcomments&post=217"}],"version-history":[{"count":1,"href":"http:\/\/www.maiclub-barmen.de\/index.php?rest_route=\/wp\/v2\/pages\/217\/revisions"}],"predecessor-version":[{"id":219,"href":"http:\/\/www.maiclub-barmen.de\/index.php?rest_route=\/wp\/v2\/pages\/217\/revisions\/219"}],"wp:attachment":[{"href":"http:\/\/www.maiclub-barmen.de\/index.php?rest_route=%2Fwp%2Fv2%2Fmedia&parent=217"}],"curies":[{"name":"wp","href":"https:\/\/api.w.org\/{rel}","templated":true}]}}